(-5)?
0
Suppose -4*g - 53 = 259. Let z be g/21 + (-4)/14. What is the tens digit of 43 - (-16)/(z/1)?
3
Let t(b) = -39*b**3 + 3*b**2 + 9*b - 3. Let f(v) = 20*v**3 - v**2 - 4*v + 1. Let l(u) = -7*f(u) - 3*t(u). What is the units digit of l(-1)?
2
Let b = 317 + 462. What is the tens digit of b?
7
Let z be (12/(-10))/(10/(-50)). Suppose -2 = -z*g + 8*g. What is the tens digit of (g + 3)/((-1)/(-5))?
1
Let c(k) = 3*k**2 + 2*k - 2. Suppose 94 = -0*m - 4*m + 2*x, 0 = -5*m - 2*x - 95. Let o = m + 23. What is the units digit of c(o)?
4
Suppose -5*d = -3*p + 4156, -4*p - 4*d + 3384 + 2136 = 0. What is the hundreds digit of p?
3
Let b be (2 + -1)*(8 + -6). Let a be -9*b/6*1. What is the units digit of 27/((-2)/8*a)?
6
Let m = -968 + 1737. What is the units digit of m?
9
Let r be (-3)/(12/5 - 3). Suppose -3*j = r*p - 568, 4*p + 3*j - 213 - 242 = 0. Let c = p - 80. What is the units digit of c?
3
Let a(f) = -14*f**2 + 22 - 3 + f**3 + 9*f - 15. Let b be a(13). Let d = b + 70. What is the units digit of d?
2
Let v(k) = -5*k**3 + 7*k**2 - 4*k + 4. Let c(x) = 10*x**3 - 15*x**2 + 9*x - 8. Let r(u) = -3*c(u) - 7*v(u). What is the tens digit of r(2)?
2
Let k(v) = 6*v**2 + 2*v - 5. Suppose 3 = -15*m + 18*m. Suppose 9*l = m - 28. What is the tens digit of k(l)?
4
Suppose -q - 64 = -9*q. What is the units digit of q/(-52) + (-1278)/(-26)?
9
Suppose -30485 = -164*h + 151*h. What is the units digit of h?
5
What is the units digit of 178340/205 - 20/(-410)?
0
Let u be (1 - 1)*(-2)/(-4). Suppose -2*q + 4*q = u. Let v(y) = -y + 19. What is the tens digit of v(q)?
1
Let z = 56 + -16. Let g = 36 - 36. Suppose 2*j - 10 = 5*q + z, -2*j + 4*q + 52 = g. What is the tens digit of j?
3
Let x = -26 + 51. Let v = x - 23. Suppose -4*b - 3*c = -207, 4*c = -v*b - 53 + 169. What is the tens digit of b?
4
Let j(o) = o**2 + 8*o - 3. Let s = 7 + -15. Let x be j(s). What is the tens digit of 2/x - (-544)/24?
2
Suppose 2*v + 19 = -1. Let x(y) = y**3 - 5*y**2 - 4. Let r be x(6). What is the units digit of r/20*(0 - v)?
6
Let x(d) = 79*d**2 + 164*d + 9. What is the hundreds digit of x(7)?
0
Let y(f) be the first derivative of -f**4/4 - 5*f**3 - 3*f**2/2 + 17*f - 10. What is the units digit of y(-15)?
2
Let z(b) = b**2 - 11. Let a be z(3). Let j(p) = -3*p**3 - 4*p**2 - 3*p. What is the tens digit of j(a)?
1
Let i(u) = 33*u + 1255. What is the hundreds digit of i(61)?
2
Let c = 16 - 16. Suppose 4*h - 5*u - 292 = c, 0 = 5*u - 0*u - 20. What is the tens digit of h?
7
Suppose 4*t - 625 = 195. Suppose -2*g + 82 = 2*z, 5*g - 3*z - t = -0*g. What is the units digit of g?
1
Let p be (0*(-4)/12)/2. Suppose 4*k = -8, -2*g + k + p*k = -76. What is the units digit of g?
7
Suppose 9255 + 6642 = 21*l. What is the hundreds digit of l?
7
Let b be (-1 - 20)*32/(-12). Let o = b + 82. What is the tens digit of o?
3
Let u(y) = 11*y**2 - 3*y - 3 - 2 - 8*y**2 - 4. What is the units digit of u(-7)?
9
Let j = -482 - -2729. What is the tens digit of j?
4
Suppose 0 = 2*b - 6*b + 12. Suppose -x = b*s - 138, -3*x = 2*s - 609 + 195. What is the units digit of 4/(-8) + x/4?
4
Let o(l) = -l**3 - 7*l**2 + 8*l + 2. Let v(q) = 4*q. Let d be v(-2). Let j be o(d). Suppose -j*p - k - 8 = -6*k, 7 = p + 3*k. What is the units digit of p?
1
Let j(z) = 70*z**2 + 3*z - 44. What is the units digit of j(6)?
4
Suppose -5*j = -y - 24, 0 = -5*j + 4*y - 6*y + 12. Let q = j - -69. What is the units digit of q?
3
Let q(g) = -35*g + 7. Let f(n) = n + 8. Let p be f(-10). What is the units digit of q(p)?
7
Let y = -5 - 4. Let a = -21 - y. Let z = a - -40. What is the tens digit of z?
2
Let j = 494 + -256. What is the tens digit of j?
3
Suppose 4*n + 2*x + 5 = n, 7 = -3*n - x. Suppose 2*z + 5*y = 4, -4*z + 36 = 3*y - 0*y. What is the tens digit of (10/n)/(z/(-126))?
3
Suppose 0 = 3*r + 248 + 325. Let j = -97 - r. What is the units digit of j?
4
Suppose 5 = 5*o - 0, 0 = -5*f + 4*o + 1791. What is the tens digit of f?
5
Suppose -4*h = -3*w - 982, -6 = 3*w - 0*w. What is the units digit of h?
4
Suppose 3*f = z + 10, -6 = -3*f + 2*z + z. Suppose -2*b = f*t - 8, 3*t - 4*b = b + 32. What is the units digit of t?
4
Let g(p) = 16*p**2 + 7*p + 47. What is the hundreds digit of g(-7)?
7
Let h(z) = -z**2 - 16*z + 19. Let k be h(-17). Suppose 4*x - d = 161, d - 73 = -k*x - 0*x. What is the tens digit of x?
3
Let n(p) = -6*p**2 - 2*p + 3. Let q be n(9). What is the tens digit of 2*q*(-3)/18?
6
Suppose w + 3*s - 23 = 0, 44 + 4 = w - 2*s. Let u = 58 - w. What is the tens digit of u?
2
Let g(v) = v**2 + v - 4. Suppose 7*t + 2 = 9*t. Let q = t + -5. What is the units digit of g(q)?
8
Let p(y) be the second derivative of y**4/12 - y**3/2 - 3*y**2 - 6*y. Let v be p(3). What is the tens digit of (21/v)/7*-66?
3
Let x be ((-2)/(-4))/((-9)/(-774)). Let y = -21 + x. What is the units digit of y?
2
Suppose 7*t - 5150 - 6029 = 0. What is the tens digit of t?
9
Let z(v) = -173*v - 6. What is the tens digit of z(-7)?
0
Let c(l) = 3*l - 3. Let m be c(4). Suppose 0 = 2*x + 4*w - 24, 2*x + 2 + m = 3*w. What is the units digit of 10 + (x - (4 - 1))?
9
Let k be 3*(28/12)/7. What is the units digit of ((-2)/6 + k)*117?
8
Let c(z) be the second derivative of z**4/3 + 7*z**3/3 - 5*z**2/2 + 22*z. What is the units digit of c(-6)?
5
Let w(z) = -8*z - 14. Let l be w(7). Let k = l + 144. What is the tens digit of k?
7
Suppose 3*w = -4*h + w + 2982, -w = -5*h + 3717. What is the tens digit of h?
4
Let v = -220 + 375. What is the hundreds digit of v?
1
Let c(u) = 11 - 5*u**3 + u**3 - 24*u - 29 + 12*u**2 + 3*u**3. What is the tens digit of c(8)?
4
Let m = -1115 + 2228. What is the hundreds digit of m?
1
Suppose 84 = 2*a - 0*a. Suppose -10 = 4*w - a. What is the units digit of w?
8
Suppose 5*p = 4*h + 4, 5*h + 0 + 5 = -p. What is the tens digit of -4 + (h - 12*-5)?
5
Let u be 12/10*(-2675)/10. Let z = u - -576. What is the hundreds digit of z?
2
Suppose 384 = -8*f + 2*f. What is the units digit of (-350)/(-3) + f/(-48)?
8
Suppose -o = 4*s, -4*o - 5*s + 33 = -0*s. Suppose 0 = 4*q - o, 3 = i + q + 2*q. Let c(r) = r**3 + 5*r**2 - 8*r + 5. What is the units digit of c(i)?
7
Suppose -7*x - 158 = -9*x. Suppose 2*p = -o + p + x, -4*o = -p - 301. What is the units digit of o?
6
Let q = 3755 - 1987. What is the units digit of q?
8
What is the thousands digit of 67*(12 - (-6 - -3))?
1
Let n(p) = 12*p + 0*p**2 - 4*p**2 - p**3 + 0 + 4 - 9*p**2. What is the units digit of n(-14)?
2
Let g(w) = w**3 - 2*w**2 - w - 3. Let o be g(3). Suppose -o*d - 5*i + 11 = -0*d, -3*i - 3 = -3*d. Suppose -d*m + 18 = -10. What is the units digit of m?
4
Let o = 2 - -99. Suppose o + 171 = x. What is the tens digit of x?
7
Suppose 4*j + 4 = 3*j. What is the tens digit of 66*j*8/(-24)?
8
Let d be (-335)/15 + 1/3. What is the units digit of 8/(-44) - 1896/d?
6
Suppose 0 = 3*v + 10*k - 13*k - 879, -v = -5*k - 277. What is the tens digit of v?
9
Let o = -4 + -6. Let n = -1308 - -922. What is the units digit of n/o + 18/(-30)?
8
Let r = -503 - -632. What is the units digit of r?
9
Suppose 3*c + 0*o = -o + 133, 2*c - 4*o - 70 = 0. Let w(j) = -j**3 - j**2 + j + 4. Let t be w(0). Suppose -25 = -t*p + c. What is the tens digit of p?
1
Suppose 4*k - 5*k + 4*o + 839 = 0, -4*k = -2*o - 3398. What is the tens digit of k?
5
Suppose -4*o - 7*b + 7078 = -5*b, 4*o = -5*b + 7093. What is the units digit of o?
7
Let o(u) = 8*u - 1. Suppose -6 = -3*r - 3*y, -2*r + 7*r = -4*y + 11. Suppose -2*j - s = 2*s - 7, -r*j + 10 = 5*s. What is the units digit of o(j)?
9
Let f be -6*(-1)/(-8) + 6/8. Suppose w = v + 3*v + 77, -w - v + 72 = f. What is the units digit of w?
3
Let z(d) = -d**3 - 7*d**2 + 13*d + 21. Suppose 0 = -f + 3*o - 7 - 8, -5 = f + 2*o. What is the tens digit of z(f)?
6
Suppose 3*p + 2*o = 8*p + 22, 0 = -3*p + 4*o - 16. Let j be 2/(p/(-10)*1). Let b = 11 - j. What is the units digit of b?
6
Let c = 8 + -6. Let j be (5/15)/(c/18). Suppose j*z = 6*z - 15. What is the units digit of z?
5
Let v(r) = -2*r + 30. Let a be v(13). Let i(h) be the second derivative of h**4/12 - h**3/6 + 5*h**2/2 + 8*h. What is the tens digit of i(a)?
1
Suppose -2*g - 2*s = -3240, g - 5*s - 498 - 1092 = 0. What is the hundreds digit of g?
6
Suppose -5*d = 19 - 144. Suppose 0 = t + 4*z - d, 4*t + z - 47 - 53 = 0. What is the tens digit of t?
2
Let v(k) be th